 prime factors of y?
2, 23
Let h = -19 - -21. Suppose 3*a = -2*w + h, -2*w + 3 = -4*a + 1. Suppose 10 = g - w. List the prime factors of g.
11
Let q(s) = -113*s**2 + 115*s**2 + 1 - 2*s - 3. Let a = -19 + 17. What are the prime factors of q(a)?
2, 5
Suppose 2191 = 5*q - 1489. What are the prime factors of q?
2, 23
Let s = 8 + -4. Suppose s*r - r - 15 = 0. Let d = r + 0. What are the prime factors of d?
5
Let d = -2886 - -4482. What are the prime factors of d?
2, 3, 7, 19
Suppose 4*j = 2*j + 6. Suppose j*k = -k. Suppose 5*z - 1 + 3 = -3*b, b - 3*z - 18 = k. List the prime factors of b.
2, 3
Suppose -77 = 2*b - 277. Let z = -49 + b. What are the prime factors of z?
3, 17
Let v(h) = -31*h**3 - 2*h**2 + h. Let a be v(1). Let o be (-4)/(-6) - 1130/(-15). Let f = a + o. What are the prime factors of f?
2, 11
Let g(p) = p - 59. Let y be g(0). Let h = y + 122. List the prime factors of h.
3, 7
Let r(c) = 7*c**3 - 5*c + 144. What are the prime factors of r(0)?
2, 3
Let j be (-1)/6 - (-10)/(-12). List the prime factors of (4 - -5)*j*-24.
2, 3
Let v(t) = 5*t**2 - 4*t**3 - 1 + 3*t**3 + 0*t**3 - 3*t + 5*t. Let w(u) = -u**2 + 9*u - 10. Let j be w(7). What are the prime factors of v(j)?
23
List the prime factors of 1*(-332)/12*-69.
23, 83
Let c be ((-16)/(-6))/1*9/3. Suppose 160 = -c*z + 12*z. List the prime factors of z.
2, 5
Let o = 66 - 46. Suppose 65 - 5 = -5*g. Let y = g + o. List the prime factors of y.
2
Let j be (10/25)/(1/5). Suppose -4*v = -j*v. Suppose v*g + 5*g = 40. List the prime factors of g.
2
What are the prime factors of (-8)/(-28) - (2 - 39216/42)?
2, 233
Let g(n) = n**3 + 8*n**2 - 8*n + 11. Let u be g(-9). Let h(i) = 6*i**2 + 7*i + 6. Let t be h(4). Suppose 0 = u*r - 7*r + t. What are the prime factors of r?
2, 13
List the prime factors of 1*(-27522)/(-44)*(-8)/(-6).
2, 3, 139
Let o(j) = j + 17. Let u(x) = x + 1. Let q(m) = o(m) - 2*u(m). Let k be 5 - (-2)/1*1. List the prime factors of q(k).
2
What are the prime factors of 9/(-12) - -1 - 16204/(-16)?
1013
Let c(g) = 2*g - 5. Let o = 3 - 0. Let i be c(o). List the prime factors of 1*-2 - (-23 + i).
2, 5
Let q(c) = -2*c + 9. Suppose 96 = o - 9*o. List the prime factors of q(o).
3, 11
Let a(q) = 12*q**2 - 6*q - 6. Let h be a(-4). List the prime factors of 8/(-52) - h/(-13).
2
Suppose -2 - 119 = -11*y. List the prime factors of y.
11
Let u = -528 - -2782. List the prime factors of u.
2, 7, 23
Let q = 589 + -389. List the prime factors of q.
2, 5
Let j(f) = 3*f**2 + 12*f - 699. What are the prime factors of j(41)?
2, 3, 13, 31
Suppose -f - 5*k + 2*k - 6 = 0, 14 = 3*f + k. What are the prime factors of f?
2, 3
Let h = -5 - -11. Let r(y) = -y - 7. Let i be r(h). What are the prime factors of -1*(i - 3 - 3)?
19
Let f(d) = 18*d - 15. Let l(x) = 9*x - 7. Let b(v) = 2*f(v) - 5*l(v). Let r be b(3). Let m = r + 39. List the prime factors of m.
17
Let m(f) = 6*f - 18. Let l be m(6). What are the prime factors of 2570/l - (-14)/63?
11, 13
Let a(y) be the first derivative of -y**4/4 + 7*y**3/3 + y**2 - 2*y - 5. What are the prime factors of a(6)?
2, 23
Let u = -76 - -76. Suppose -3*r = -u*r - 111. List the prime factors of r.
37
Suppose 0 = -2*h - m + 2*m + 21, -h = 2*m - 8. Let c(f) = f - 8. Let z be c(3). Let s = h + z. List the prime factors of s.
5
Let b(o) = -3*o**3 - 8*o**2 - 5*o + 11. Let l be b(-8). List the prime factors of l/20 - (-3)/12.
2, 3
Suppose -3*k = -5*r + 70, 42 = -0*r + 3*r + 2*k. Let j = r + -15. List the prime factors of 26/((-4)/j + -2).
13
Let u(y) = y + 62. Let l be u(7). Suppose 4*a = a + 9, g - a + 42 = 0. Let t = l + g. List the prime factors of t.
2, 3, 5
Let c(p) = p**3 + 16*p**2 + 14*p - 20. Let n be c(-15). Let z(k) = -43*k - 4. What are the prime factors of z(n)?
211
Suppose -961 - 364 = 5*x. Let j = 470 + x. List the prime factors of j.
5, 41
Let p = -80 + 86. What are the prime factors of ((-620)/(-12))/((-2)/p*-1)?
5, 31
Suppose 0 = -p - 4*p + 15. Suppose -p*j + 15 = 2*j, 0 = 2*n + j - 31. Suppose -k + n = 1. What are the prime factors of k?
13
Suppose -2*o + 263 = -2*b - b, 2*b = 2*o - 258. What are the prime factors of o?
2, 31
Suppose 15*o - 10 = -130. Let b(r) = -r**3 - 7*r**2 - 11*r - 18. What are the prime factors of b(o)?
2, 67
Let r be (-111)/(-6) - 2/(-4). Suppose 0 = 2*c + 10, 0*d - c = -d + 5. Let l = r - d. What are the prime factors of l?
19
Suppose 28 = 2*p + 170. List the prime factors of (-2)/3*(p + -1).
2, 3
Let p(w) = 6*w**2 + 3*w + 11. Let j(k) = 7*k**2 + 3*k + 12. Let r(c) = -2*j(c) + 3*p(c). What are the prime factors of r(5)?
2, 31
Let m(a) = a**3 + 10*a**2 - 14*a - 10. Let l be m(-10). Suppose 3*x + l = 8*x. List the prime factors of x.
2, 13
Let a(r) = -4*r - 21. Let x be a(11). What are the prime factors of 52/x*31*-5?
2, 31
Let l be (-30)/(-4)*(-72)/(-27). Suppose 40 - l = -5*j. List the prime factors of 814/30 + j/30.
3
Let t = -1281 - -3636. List the prime factors of t.
3, 5, 157
Let v(d) = 236*d - 10. What are the prime factors of v(3)?
2, 349
Let a(q) = 5*q**2 - 1 + 0*q**2 + 58*q**3 - q**2 - 3*q**2. Let b be a(-1). Let i = b - -82. List the prime factors of i.
2, 3
Let w = -13 + 8. Let l = w + 8. What are the prime factors of 14 - (2 + (-9)/l)?
3, 5
Let z = -1364 + 1944. What are the prime factors of z?
2, 5, 29
Suppose 3*o = -863 + 11285. List the prime factors of o.
2, 3, 193
Suppose d + 3 = 0, -2*d - 12 = -2*f + 32. Let s = 49 - f. List the prime factors of s.
2, 3, 5
Let f = 13 + 15. Suppose f*l - 1108 = 24*l. What are the prime factors of l?
277
Suppose 0*v + 8 = 2*n + v, 4*v = -2*n - 4. Let j(f) be the first derivative of -f**4/4 + 7*f**3/3 - 2*f**2 - 6*f - 1. List the prime factors of j(n).
2, 3
Suppose 4 = -z - 4. Let w = z - -29. List the prime factors of w - (-2 - -2 - 3).
2, 3
Let h be 3/((-6)/(-5))*18. Let i(q) = q**3 + 4*q**2. Let z be i(-4). Suppose s - 3*s = 5*g + 1, 5*s + 3*g - h = z. List the prime factors of s.
2, 3
Let i(x) = -x - 13. Let k be i(-12). Let u(d) be the second derivative of -3*d**5/5 + d**4/12 - d. What are the prime factors of u(k)?
13
Let u(r) = r**3 - 8*r**2 + 10*r - 9. Let d = 18 - 10. What are the prime factors of u(d)?
71
Suppose -3449 + 29423 = 26*l. What are the prime factors of l?
3, 37
List the prime factors of ((-62)/6 + 7)*-390.
2, 5, 13
Suppose -4*n + 8 + 0 = 0. Suppose 0 = -v - n - 0. List the prime factors of (v/5)/((-5)/25).
2
Suppose -12*a = -8*a - 1296. What are the prime factors of a?
2, 3
Let n be (2 + (-5)/2)*2. Suppose -b - 140 = -2*y, 0 = 2*b + 5 + 3. Let m = n + y. What are the prime factors of m?
67
Let b = -3 + 7. Let v(m) be the second derivative of m**3/6 - m**2 - 3*m. List the prime factors of v(b).
2
Suppose -3*v = -5*v + 16. Let l = 13 - v. Suppose 0 = -2*p - 2*p + 12, -l*p = 4*g - 163. List the prime factors of g.
37
Let g(w) be the first derivative of 2*w**3/3 - w**2/2 + 4*w + 2. Let n = 5 + -1. What are the prime factors of g(n)?
2
Let c(k) = -15*k + 3*k - 4 - 4*k. List the prime factors of c(-2).
2, 7
Suppose -2*g + 7*g = 0. Let y(p) = -2*p**2 + 18*p - 4. Let l be y(8). Suppose g = 5*t - t + o - 31, 4*o = l. What are the prime factors of t?
7
Let s(u) = 2*u**3 - u**2 + 4. Let m be s(2). Let g be -2*4/m*-84. Let v = g - 19. List the prime factors of v.
23
Let x = -11 + 10. What are the prime factors of 1/(x/(-113)) - 1?
2, 7
Suppose 23*s - 22*s = 80. Suppose 4*r - 653 = -v, r - 5*v - 57 = s. List the prime factors of r.
2, 3
Let s(g) = 8*g - 22. Let o(v) = 17*v - 44. Let m(p) = -3*o(p) + 5*s(p). What are the prime factors of m(-7)?
3, 11
Suppose 5*h = 10, -3*z - 1 = 4*h - 15. What are the prime factors of (-5866)/(-35) + z/5?
2, 3, 7
Let g(y) be the third derivative of y**5/60 - y**4/12 - y**3/3 + 24*y**2. Let t be 1/(-3) + (-42)/9. What are the prime factors of g(t)?
3, 11
What are the prime factors of 52/10*(5 - (-8430)/12)?
13, 283
Let m = -12 - -16. Suppose 3*l + 372 = -m*q + 50, 2*q = -5*l - 560. What are the prime factors of l/(-3)*(-3)/(-6)?
19
Let t = 80 - 75. Suppose -t*g - 5*q + 450 = 0, -4*q = -2*g - 0*q + 198. List the prime factors of g.
3, 31
Suppose 4*w + 0*w = 16. Suppose -w*g + 64 = -2*z - 166, 178 = 3*g + 4*z. List the prime factors of g.
2, 29
Let z = 1951 - 1426. List the prime factors of z.
3, 5, 7
Let q = 386 + 49. What are the prime factors of q